ided by 39.
36
Calculate the remainder when 380 is divided by 77.
72
Calculate the remainder when 6690 is divided by 28.
26
What is the remainder when 2486 is divided by 92?
2
What is the remainder when 1547 is divided by 11?
7
What is the remainder when 55 is divided by 26?
3
What is the remainder when 41 is divided by 11?
8
What is the remainder when 45 is divided by 18?
9
Calculate the remainder when 307 is divided by 166.
141
Calculate the remainder when 923 is divided by 853.
70
Calculate the remainder when 683 is divided by 6.
5
Calculate the remainder when 152 is divided by 31.
28
What is the remainder when 56 is divided by 20?
16
What is the remainder when 383 is divided by 19?
3
Calculate the remainder when 141 is divided by 16.
13
Calculate the remainder when 641 is divided by 28.
25
What is the remainder when 18 is divided by 3?
0
What is the remainder when 429 is divided by 72?
69
What is the remainder when 194 is divided by 41?
30
What is the remainder when 3189 is divided by 145?
144
Calculate the remainder when 552 is divided by 148.
108
Calculate the remainder when 1420 is divided by 6.
4
Calculate the remainder when 3642 is divided by 21.
9
Calculate the remainder when 5915 is divided by 348.
347
Calculate the remainder when 620 is divided by 327.
293
Calculate the remainder when 124 is divided by 16.
12
What is the remainder when 200 is divided by 8?
0
Calculate the remainder when 93 is divided by 10.
3
What is the remainder when 7 is divided by 5?
2
What is the remainder when 249 is divided by 86?
77
Calculate the remainder when 1264 is divided by 18.
4
What is the remainder when 803 is divided by 136?
123
Calculate the remainder when 325 is divided by 8.
5
Calculate the remainder when 133 is divided by 53.
27
What is the remainder when 384 is divided by 3?
0
Calculate the remainder when 168 is divided by 8.
0
What is the remainder when 7 is divided by 2?
1
Calculate the remainder when 3158 is divided by 81.
80
Calculate the remainder when 1261 is divided by 11.
7
What is the remainder when 95 is divided by 45?
5
What is the remainder when 6525 is divided by 204?
201
What is the remainder when 713 is divided by 51?
50
What is the remainder when 687 is divided by 10?
7
What is the remainder when 187 is divided by 4?
3
Calculate the remainder when 951 is divided by 159.
156
Calculate the remainder when 29547 is divided by 83.
82
What is the remainder when 172 is divided by 45?
37
What is the remainder when 106 is divided by 30?
16
What is the remainder when 731 is divided by 353?
25
Calculate the remainder when 65 is divided by 22.
21
Calculate the remainder when 314 is divided by 64.
58
Calculate the remainder when 536 is divided by 45.
41
What is the remainder when 298 is divided by 282?
16
What is the remainder when 2313 is divided by 385?
3
What is the remainder when 2598 is divided by 436?
418
Calculate the remainder when 228 is divided by 75.
3
What is the remainder when 1095 is divided by 140?
115
Calculate the remainder when 114 is divided by 58.
56
What is the remainder when 449 is divided by 34?
7
What is the remainder when 1473 is divided by 294?
3
Calculate the remainder when 30139 is divided by 44.
43
Calculate the remainder when 290 is divided by 14.
10
What is the remainder when 41443 is divided by 15?
13
What is the remainder when 564 is divided by 527?
37
What is the remainder when 71 is divided by 4?
3
What is the remainder when 2167 is divided by 453?
355
Calculate the remainder when 49 is divided by 11.
5
What is the remainder when 386 is divided by 30?
26
Calculate the remainder when 168 is divided by 17.
15
What is the remainder when 66 is divided by 27?
12
Calculate the remainder when 123 is divided by 17.
4
Calculate the remainder when 406 is divided by 17.
15
What is the remainder when 376 is divided by 79?
60
What is the remainder when 146 is divided by 49?
48
What is the remainder when 1737 is divided by 83?
77
What is the remainder when 263 is divided by 44?
43
What is the remainder when 12652 is divided by 171?
169
What is the remainder when 1709 is divided by 59?
57
Calculate the remainder when 49 is divided by 9.
4
Calculate the remainder when 72 is divided by 24.
0
What is the remainder when 570 is divided by 41?
37
Calculate the remainder when 2620 is divided by 18.
10
What is the remainder when 226 is divided by 4?
2
What is the remainder when 4616 is divided by 19?
18
Calculate the remainder when 241 is divided by 19.
13
Calculate the remainder when 34 is divided by 11.
1
Calculate the remainder when 1440 is divided by 111.
108
Calculate the remainder when 190 is divided by 103.
87
What is the remainder when 485 is divided by 145?
50
What is the remainder when 9431 is divided by 15?
11
What is the remainder when 123 is divided by 62?
61
Calculate the remainder when 16673 is divided by 22.
19
Calculate the remainder when 170 is divided by 133.
37
What is the remainder when 558 is divided by 30?
18
Calculate the remainder when 525 is divided by 44.
41
What is the remainder when 213 is divided by 13?
5
What is the remainder when 218 is divided by 62?
32
What is the remainder when 2148 is divided by 10?
8
What is the remainder when 174 is divided by 81?
12
What is the remainder when 490 is divided by 60?
10
What is the remainder when 72 is divided by 19?
15
What is the remainder when 895 is divided by 28?
27
What is the remainder when 180 is divided by 24?
12
What is the remainder when 344 is divided by 172?
0
What is the remainder when 56614 is divided by 337?
335
Calculate the remainder when 1861 is divided by 38.
37
What is the remainder when 175 is divided by 18?
13
Calculate the remainder when 385 is divided by 44.
33
What is the remainder when 1380 is divided by 138?
0
Calculate the remainder when 8639 is divided by 288.
287
Calculate the remainder when 320 is divided by 38.
16
What is the remainder when 267 is divided by 30?
27
What is the remainder when 7116 is divided by 113?
110
Calculate the remainder when 95 is divided by 56.
39
Calculate the remainder when 538 is divided by 92.
78
What is the remainder when 673 is divided by 53?
37
Calculate the remainder when 3132 is divided by 33.
30
Calculate the remainder when 24440 is divided by 202.
200
Calculate the remainder when 4234 is divided by 20.
14
Calculate the remainder when 192 is divided by 84.
24
Calculate the remainder when 312 is divided by 62.
2
Calculate the remainder when 440 is divided by 438.
2
What is the remainder when 182 is divided by 34?
12
Calculate the remainder when 1078 is divided by 28.
14
Calculate the remainder when 348 is divided by 14.
12
What is the remainder when 188 is divided by 9?
8
Calculate the remainder when 5256 is divided by 239.
237
Calculate the remainder when 35 is divided by 13.
9
What is the remainder when 575 is divided by 24?
23
Calculate the remainder when 347 is divided by 167.
13
Calculate the remainder when 149 is divided by 4.
1
What is the remainder when 8682 is divided by 5?
2
What is the remainder when 27 is divided by 12?
3
Calculate the remainder when 59 is divided by 36.
23
What is the remainder when 31556 is divided by 12?
8
Calculate the remainder when 470 is divided by 19.
14
What is the remainder when 47 is divided by 25?
22
Calculate the remainder when 116 is divided by 12.
8
What is the remainder when 2056 is divided by 511?
12
Calculate the remainder when 17 is divided by 10.
7
Calculate the remainder when 7584 is divided by 46.
40
What is the remainder when 910 is divided by 452?
6
Calculate the remainder when 176 is divided by 75.
26
Calculate the remainder when 477 is divided by 44.
37
What is the remainder when 391 is divided by 40?
31
Calculate the remainder when 1155 is divided by 43.
37
What is the remainder when 138 is divided by 67?
4
What is the remainder when 475 is divided by 43?
2
Calculate the remainder when 156 is divided by 82.
74
Calculate the remainder when 112 is divided by 100.
12
Calculate the remainder when 637 is divided by 71.
69
What is the remainder when 108 is divided by 64?
44
Calculate the remainder when 47 is divided by 9.
2
Calculate the remainder when 285 is divided by 135.
15
Calculate the remainder when 2437 is divided by 66.
61
Calculat